7
Let d = -2797 - -2845. What is the highest common divisor of 192 and d?
48
Let t(y) = -54 - 52 - 32*y + 110. Let u be (2 - (2 + -1)) + -5. Let p be t(u). What is the highest common factor of 12 and p?
12
Let o = 4074 + -3557. Calculate the highest common divisor of o and 1175.
47
Suppose 174*l - 56909 = 22928 + 25259. What is the greatest common divisor of l and 151?
151
Let i be (48/(-44))/(72/(-396)). Suppose -5*t - 120 = -5*a, 2*t + 1 = 9. Let m be 6*2*(i + a/(-6)). What is the highest common divisor of m and 64?
16
Let c = 18 + -28. Let h(r) = -3*r - 15. Let i be h(c). Let a(t) = t**3 - 21*t**2 - 130*t + 3. Let k be a(26). Calculate the highest common divisor of k and i.
3
Let u(j) = -j**2 - 8*j + 2. Suppose -2*d = d - 2*m + 3, 5*m - 12 = 3*d. Let v = -8 + d. Let x be u(v). What is the greatest common divisor of x and 81?
9
Let z be (1 - (-470195)/20)*1 - 3/4. What is the highest common factor of z and 10?
10
Let f(s) = s**2 - s - 32. Let q be f(-5). Let z be q/8 + 2/(24/63). Calculate the highest common divisor of 155 and z.
5
Let u be (-2 - (-7 - 2))*-1. Let w be (u/(-5 + -2))/(2/986). Calculate the greatest common divisor of 17 and w.
17
Let k(y) = y**2 + 28*y + 86. Let n be k(-80). What is the greatest common factor of n and 44?
22
Suppose 0 = 7*d + 583 + 187. Let l = d - -290. Calculate the greatest common divisor of 9 and l.
9
Suppose -4*z + 23 = -25. Suppose -3*c - 5*t + 224 = -0*t, z = 3*t. Let p = -20 + c. Calculate the greatest common factor of p and 6.
6
Suppose 3*s - 8*s - 30 = 0. Let o be 222/18 + 2/s. Let q = 83 - -13. What is the greatest common divisor of q and o?
12
Let d be 2*10 + (97 + 22)/(-17). Calculate the greatest common factor of d and 2509.
13
Suppose z + 23 - 28 = 0. Suppose -35 + z = -3*l. Suppose -3*d = -25 - 245. What is the greatest common divisor of l and d?
10
Let q(b) = -101*b**3 + b**2 + b + 1. Let m be q(-1). Suppose m - 84 = 6*x. Calculate the greatest common factor of 3 and x.
3
Suppose 23 = 16*d - 41. Let l(m) = 24*m - 69. Let w be l(d). Calculate the highest common factor of 27 and w.
27
Let m = 89491 + -50635. What is the greatest common divisor of 24 and m?
24
Suppose 3*w + 27*w + 120 = 0. Let d be 3/2*w/12*-20. Calculate the greatest common divisor of 730 and d.
10
Let j be 36/(-21)*49/(-2). Let o be (-24)/(-14) + 12/j - -2. Suppose -o*q + 41 = -n, 1 = 2*q - 3*n - 22. What is the greatest common divisor of q and 5?
5
Let z = 4643 - -16325. What is the greatest common divisor of 8 and z?
8
Let s = 4754 + -4635. Calculate the highest common factor of 7 and s.
7
Let z(c) = c**2 + c - 5. Let p be z(-4). Let i be (-2)/7*49/(-56)*(-8 - -80). What is the highest common factor of i and p?
1
Suppose 0 = -11*f + 82099 + 43246. What is the highest common divisor of 645 and f?
215
Suppose 3*w = g - 193, -4*w = -5*g - w + 917. Let x = 1138 - g. What is the greatest common factor of 33 and x?
33
Let d be 5 + 13 + 1 + -1. Suppose f - d = -4*f - 4*u, 2*u + 30 = 4*f. Calculate the greatest common divisor of 48 and f.
6
Suppose 5*t = 9*t. Suppose 0*c - 3*j = -4*c + 89, 5*j + 15 = t. Let w = 11 + 39. Calculate the highest common divisor of c and w.
10
Let k = 2455 + -2448. Let r(i) = -6*i - 3. Let u be r(-4). Let h be (u/(-9))/((-1)/33). What is the greatest common divisor of h and k?
7
Suppose 1117*n = 1067*n + 5600. What is the highest common divisor of n and 70?
14
Suppose 79*c = 74*c - 1045. Let a be (-14 + c/(-22))*(-76)/6. Calculate the greatest common factor of 209 and a.
19
Let z(w) = 238*w**2 - 7*w. Let l be z(-2). Let i = -630 + l. What is the highest common factor of i and 14?
14
Let b = -458 - -451. Let d be (-185)/b + 42/(-98). Let q be (-1)/(1 + (-40)/39). Calculate the highest common divisor of d and q.
13
Suppose 11*h = -3*k + 32884, -2*h + 4*k = -0*h - 5988. Calculate the greatest common factor of h and 130.
130
Let g = 160 - 156. Suppose 3*y - 16 = -g. Suppose 0 = -5*c - b + 93, 2*c + y*b - 2*b = 42. Calculate the greatest common divisor of 4 and c.
2
Let q = 346 - 341. Suppose q*b = l + 140, 24*b - 20*b - 112 = l. What is the greatest common divisor of b and 224?
28
Suppose 2*x + 36 = 4*z - 3*x, -z + 8 = -x. Suppose 0 = q - 18 - z. Let g(a) = 4*a**2 + 4*a - 4. Let l be g(-4). Calculate the highest common divisor of l and q.
22
Let n be 81/(1 + -4)*-1. Let j be (1 + 2/4)/(168/26096). Let o = 242 - j. What is the highest common divisor of n and o?
9
Let c = 3 - 6. Let w(x) = -2*x**3 + 3*x**2 - x - 4. Let v be w(c). Let h be (3/(-2))/(((-444)/(-40) - 12)/6). What is the highest common factor of v and h?
10
Suppose 322*w + 7029017 = 15006805 + 9285920. Calculate the greatest common factor of w and 22.
22
Suppose 40*r - 10*r = 4*r + 6578. What is the highest common divisor of r and 44?
11
Let w(d) = d**2 - 322*d + 3344. Let b be w(10). Calculate the highest common divisor of b and 3052.
28
Let j(a) = -85*a - 75. Let l be j(-9). Suppose 2*o - 1024 = -3*h, -2*h + 6*o = 11*o - l. Calculate the highest common factor of h and 34.
34
Let u = -44658 + 44715. Calculate the highest common divisor of u and 40812.
57
Let b(o) = -3*o - 11*o + 15*o - 1 + 3. Let h be b(5). Let s be ((-105)/30)/(1/(-16)). Calculate the greatest common divisor of s and h.
7
Let x be 9/(63/2) - (-10510)/14. Suppose x + 599 = 18*q. What is the greatest common factor of 60 and q?
15
Let h = 16574 + -16390. Calculate the highest common divisor of h and 24748.
92
Let b = 66 + -124. Let r = b + 141. Suppose 10*v = r + 77. Calculate the highest common factor of 2 and v.
2
Let b be 0/(-7) - (2 - 6). Suppose -2*n - n + 2*j = -105, -3*n - b*j + 105 = 0. What is the greatest common divisor of 5 and n?
5
Let p(d) = 54*d**2 - 2*d - 12. Let m be p(-3). Calculate the greatest common factor of 64 and m.
32
Let s be -1*8 + (533 - -32). Let x = 559 - s. Calculate the greatest common factor of x and 74.
2
Let o = 29 + -18. Let q = 110 + -104. Suppose -257 - 337 = -q*t. Calculate the greatest common divisor of t and o.
11
Suppose z - 58 = -2*o + 1028, 3*o - 1649 = -4*z. What is the highest common factor of o and 2926?
77
Suppose 5*r = 4*h - 864, 3*h + 3*r = 239 + 409. Suppose 5*c - 2*c = h. Suppose 5*b - 48 = c. Calculate the highest common factor of 16 and b.
8
Let u(z) = z**3 + 24*z**2 + 21*z + 2. Let v be u(-23). Calculate the highest common divisor of v and 2784.
48
Let s = -72021 + 72025. Let i = 105 - 69. Calculate the highest common divisor of s and i.
4
Let l be -10*7/(-10)*6. Suppose -4*o + l = x, -x - 42 = -4*o - 4. Let t(q) = q**2 + 75*q - 654. Let s be t(8). Calculate the highest common factor of s and o.
10
Let y(c) = 12 - c**3 + 3*c**2 - 18*c - 5*c - 62 + 7*c + 27*c**2. Let g be y(27). Calculate the greatest common divisor of 31 and g.
31
Let o = -671 + 681. Let k(b) = b**3 - 10*b**2 + 18. Let c be k(o). What is the highest common divisor of c and 18?
18
Let m = -11025 + 11039. What is the highest common divisor of m and 26446?
14
Suppose 5*x + 81 = 11. Let f be x*(-2)/4 + 2. Let p = -54 + 81. Calculate the highest common divisor of f and p.
9
Suppose -4*c + 164 = -2*r, r + 3*c + 64 = -c. Let b = -73 - r. Suppose 3 = 3*v - b, v - 26 = -2*x. What is the highest common divisor of 20 and x?
4
Suppose -171 = -3*o - 0*o. Suppose 5*h = 5*v - 610 + 200, 0 = 2*v - 3*h - 164. Suppose -v + 177 = 5*f. Calculate the highest common divisor of o and f.
19
Let u(p) = -p**2 - 16*p - 11. Let g be u(-11). Let k = 85 - g. Let v = -31 + k. Calculate the greatest common divisor of 30 and v.
10
Let d(s) = -s**3 + 31*s**2 + 36*s - 126. Let j = 404 + -372. Let x be d(j). Suppose -3*k = -6*k + 48. What is the highest common factor of k and x?
2
Let l be (20/(-28))/((-2)/42). Suppose 0 = -223*d + 224*d - l. What is the greatest common divisor of d and 255?
15
Let n be -4 + 5 + -7 + 42. Suppose 6*a = 15*a - n. Suppose 4*i + 0*j + a*j - 136 = 0, 4*i - j = 121. Calculate the greatest common divisor of i and 31.
31
Suppose 9 = -3*i + 3. Let g be i/(((-4)/66)/1). Let s = -335 + 338. Calculate the greatest common factor of s and g.
3
Let k = 29293 - 29277. What is the greatest common divisor of 684 and k?
4
Let j(o) = o**2 + 10*o + 56. Let m be j(-8). Calculate the greatest common divisor of 110 and m.
10
Let q(j) = 16*j + 25. Let y be q(-1). Suppose -y*x = 5*x - 5